{"id":730,"date":"2025-02-03T10:21:24","date_gmt":"2025-02-03T09:21:24","guid":{"rendered":"https:\/\/sigma-shooting.pl\/?page_id=730"},"modified":"2025-02-11T08:15:05","modified_gmt":"2025-02-11T07:15:05","slug":"puchar-zimy-open-9-lutego-2025","status":"publish","type":"page","link":"https:\/\/sigma-shooting.pl\/?page_id=730","title":{"rendered":"PUCHAR ZIMY OPEN &#8211; 9 lutego 2025"},"content":{"rendered":"\n<figure class=\"wp-block-gallery has-nested-images columns-default is-cropped wp-block-gallery-1 is-layout-flex wp-block-gallery-is-layout-flex\">\n<figure class=\"wp-block-image size-large\"><img fetchpriority=\"high\" decoding=\"async\" width=\"600\" height=\"226\" data-id=\"734\" src=\"https:\/\/sigma-shooting.pl\/wp-content\/uploads\/2025\/02\/Puchar-nzimy-OPEN.jpg\" alt=\"\" class=\"wp-image-734\" srcset=\"https:\/\/sigma-shooting.pl\/wp-content\/uploads\/2025\/02\/Puchar-nzimy-OPEN.jpg 600w, https:\/\/sigma-shooting.pl\/wp-content\/uploads\/2025\/02\/Puchar-nzimy-OPEN-300x113.jpg 300w\" sizes=\"(max-width: 600px) 85vw, 600px\" \/><\/figure>\n<\/figure>\n\n\n\n<p>REGULAMIN ZAWOD\u00d3W<\/p>\n\n\n\n<p>\u201ePUCHAR ZIMY\u201d OPEN<\/p>\n\n\n\n<p>1.CEL ZAWOD\u00d3W<\/p>\n\n\n\n<p>\u2212 mo\u017cliwo\u015b\u0107 rywalizacji zawodnik\u00f3w w kategorii Open<\/p>\n\n\n\n<p>\u2212 promocja sport\u00f3w strzeleckich w wojew\u00f3dztwie \u0142\u00f3dzkim,<\/p>\n\n\n\n<p>\u2212 promocja Gminy Zel\u00f3w jako miasta przyjaznego dla sportu strzeleckiego<\/p>\n\n\n\n<p>2.ORGANIZATOR<\/p>\n\n\n\n<p>\u2212 TOWARZYSTWO STRZELECKIE SIGMA SHOOTING \u0141\u00f3d\u017a<\/p>\n\n\n\n<p>3.TERMIN I MIEJSCE ZAWOD\u00d3W<\/p>\n\n\n\n<p>\u2212 09.02.2025 godzina 08.00 strzelnica SIGMA SHOOTING w Zelowie, ul. Pu\u0142kownika Witolda Pileckiego 2 (wjazd od ul. Ko\u015bciuszki)<\/p>\n\n\n\n<p>4.PROGRAM ZAWOD\u00d3W<\/p>\n\n\n\n<p>\u2212 karabin pneumatyczny 60 OPEN<\/p>\n\n\n\n<p>\u2212 pistolet pneumatyczny 60 OPEN<\/p>\n\n\n\n<p>5.UCZESTNICTWO<\/p>\n\n\n\n<p>\u2212 zawodnicy posiadaj\u0105cy licencj\u0119 PZSS<\/p>\n\n\n\n<p>\u2212 &nbsp;klubowicze SIGMA SHOOTING<\/p>\n\n\n\n<p>6. KLASYFIKACJA<\/p>\n\n\n\n<p>\u2212 indywidualna wed\u0142ug uzyskanych wynik\u00f3w<\/p>\n\n\n\n<p>7. NAGRODY<\/p>\n\n\n\n<p>\u2212 indywidualnie za I miejsca puchary<\/p>\n\n\n\n<p>\u2212 indywidualnie za miejsca I &#8211; III \u2013 medale<\/p>\n\n\n\n<p>&#8211; indywidualne Dyplomy za uczestnictwo<\/p>\n\n\n\n<p>8. ZG\u0141OSZENIA<\/p>\n\n\n\n<p>\u2212 zg\u0142oszenia prosimy przesy\u0142a\u0107 do dnia 6 lutego 2024 roku na adres e-mail: <a href=\"mailto:zawody@sigma-shooting.pl\">zawody@sigma-shooting.pl<\/a> na formularzu zg\u0142oszeniowym, kt\u00f3ry znajduje si\u0119 na stronie www.sigma-shooting.pl w zak\u0142adce \u201ePUCHAR ZIMY OPEN\u201d lub www.strzelectwo.lodz.pl &#8211; listy startowe ukazane b\u0119d\u0105 na stronie<\/p>\n\n\n\n<p>www.sigma-shooting.pl w zak\u0142adce \u201ePUCHAR ZIMY OPEN\u201d.<\/p>\n\n\n\n<p>Ilo\u015b\u0107 miejsc ograniczona<\/p>\n\n\n\n<p>\u2013 decyduje kolejno\u015b\u0107 zg\u0142osze\u0144<\/p>\n\n\n\n<p>\u2212 Wszystkie informacje pod numerem telefonu: 600319307 \u2013 Bart\u0142omiej Zawierucha<\/p>\n\n\n\n<p>9. KOSZTY UCZESTNICTWA<\/p>\n\n\n\n<p>\u2212 startowe 60z\u0142<\/p>\n\n\n\n<p>10. SPRAWY R\u00d3\u017bNE<\/p>\n\n\n\n<p>\u2212 zawody odb\u0119d\u0105 si\u0119 zgodnie z przepisami ISSF i powy\u017cszym regulaminem;<\/p>\n\n\n\n<p>\u2212 uczestnicy zawod\u00f3w, bior\u0105c udzia\u0142 w tych zawodach, wyra\u017caj\u0105 zgod\u0119 na publikowanie ich danych<\/p>\n\n\n\n<p>osobowych i wizerunku w komunikacie, relacjach z przebiegu i zako\u0144czenia zawod\u00f3w<\/p>\n\n\n\n<p>zamieszczonych w materia\u0142ach promocyjnych organizatora, wsp\u00f3\u0142organizatora oraz w mediach, a<\/p>\n\n\n\n<p>udzia\u0142 w zawodach jest r\u00f3wnoznaczny z akceptacj\u0105 niniejszego regulaminu. Zgodnie z<\/p>\n\n\n\n<p>Rozporz\u0105dzeniem Parlamentu Europejskiego i Rady (UE) 2016\/679 z dn. 27.04.2016 r. i ustaw\u0105 z<\/p>\n\n\n\n<p>dnia 10 maja 2018 r. o ochronie danych osobowych (Dz.U. 2018 poz.1000, z p\u00f3\u017an. zm.).<\/p>\n","protected":false},"excerpt":{"rendered":"<p>REGULAMIN ZAWOD\u00d3W \u201ePUCHAR ZIMY\u201d OPEN 1.CEL ZAWOD\u00d3W \u2212 mo\u017cliwo\u015b\u0107 rywalizacji zawodnik\u00f3w w kategorii Open \u2212 promocja sport\u00f3w strzeleckich w wojew\u00f3dztwie \u0142\u00f3dzkim, \u2212 promocja Gminy Zel\u00f3w jako miasta przyjaznego dla sportu strzeleckiego 2.ORGANIZATOR \u2212 TOWARZYSTWO STRZELECKIE SIGMA SHOOTING \u0141\u00f3d\u017a 3.TERMIN I MIEJSCE ZAWOD\u00d3W \u2212 09.02.2025 godzina 08.00 strzelnica SIGMA SHOOTING w Zelowie, ul. Pu\u0142kownika Witolda Pileckiego &hellip; <a href=\"https:\/\/sigma-shooting.pl\/?page_id=730\" class=\"more-link\">Czytaj dalej<span class=\"screen-reader-text\"> \u201ePUCHAR ZIMY OPEN &#8211; 9 lutego 2025\u201d<\/span><\/a><\/p>\n","protected":false},"author":2,"featured_media":0,"parent":0,"menu_order":0,"comment_status":"closed","ping_status":"closed","template":"","meta":{"footnotes":""},"class_list":["post-730","page","type-page","status-publish","hentry"],"yoast_head":"<!-- This site is optimized with the Yoast SEO plugin v24.3 - https:\/\/yoast.com\/wordpress\/plugins\/seo\/ -->\n<title>PUCHAR ZIMY OPEN - 9 lutego 2025 - TOWARZYSTWO STRZELECKIE SIGMA SHOOTING<\/title>\n<meta name=\"robots\" content=\"index, follow, max-snippet:-1, max-image-preview:large, max-video-preview:-1\" \/>\n<link rel=\"canonical\" href=\"https:\/\/sigma-shooting.pl\/?page_id=730\" \/>\n<meta property=\"og:locale\" content=\"pl_PL\" \/>\n<meta property=\"og:type\" content=\"article\" \/>\n<meta property=\"og:title\" content=\"PUCHAR ZIMY OPEN - 9 lutego 2025 - TOWARZYSTWO STRZELECKIE SIGMA SHOOTING\" \/>\n<meta property=\"og:description\" content=\"REGULAMIN ZAWOD\u00d3W \u201ePUCHAR ZIMY\u201d OPEN 1.CEL ZAWOD\u00d3W \u2212 mo\u017cliwo\u015b\u0107 rywalizacji zawodnik\u00f3w w kategorii Open \u2212 promocja sport\u00f3w strzeleckich w wojew\u00f3dztwie \u0142\u00f3dzkim, \u2212 promocja Gminy Zel\u00f3w jako miasta przyjaznego dla sportu strzeleckiego 2.ORGANIZATOR \u2212 TOWARZYSTWO STRZELECKIE SIGMA SHOOTING \u0141\u00f3d\u017a 3.TERMIN I MIEJSCE ZAWOD\u00d3W \u2212 09.02.2025 godzina 08.00 strzelnica SIGMA SHOOTING w Zelowie, ul. Pu\u0142kownika Witolda Pileckiego &hellip; Czytaj dalej \u201ePUCHAR ZIMY OPEN &#8211; 9 lutego 2025\u201d\" \/>\n<meta property=\"og:url\" content=\"https:\/\/sigma-shooting.pl\/?page_id=730\" \/>\n<meta property=\"og:site_name\" content=\"TOWARZYSTWO STRZELECKIE SIGMA SHOOTING\" \/>\n<meta property=\"article:publisher\" content=\"https:\/\/www.facebook.com\/sigmashooting\" \/>\n<meta property=\"article:modified_time\" content=\"2025-02-11T07:15:05+00:00\" \/>\n<meta property=\"og:image\" content=\"https:\/\/sigma-shooting.pl\/wp-content\/uploads\/2025\/02\/Puchar-nzimy-OPEN.jpg\" \/>\n\t<meta property=\"og:image:width\" content=\"600\" \/>\n\t<meta property=\"og:image:height\" content=\"226\" \/>\n\t<meta property=\"og:image:type\" content=\"image\/jpeg\" \/>\n<meta name=\"twitter:card\" content=\"summary_large_image\" \/>\n<meta name=\"twitter:label1\" content=\"Szacowany czas czytania\" \/>\n\t<meta name=\"twitter:data1\" content=\"2 minuty\" \/>\n<script type=\"application\/ld+json\" class=\"yoast-schema-graph\">{\"@context\":\"https:\/\/schema.org\",\"@graph\":[{\"@type\":\"WebPage\",\"@id\":\"https:\/\/sigma-shooting.pl\/?page_id=730\",\"url\":\"https:\/\/sigma-shooting.pl\/?page_id=730\",\"name\":\"PUCHAR ZIMY OPEN - 9 lutego 2025 - TOWARZYSTWO STRZELECKIE SIGMA SHOOTING\",\"isPartOf\":{\"@id\":\"https:\/\/sigma-shooting.pl\/#website\"},\"primaryImageOfPage\":{\"@id\":\"https:\/\/sigma-shooting.pl\/?page_id=730#primaryimage\"},\"image\":{\"@id\":\"https:\/\/sigma-shooting.pl\/?page_id=730#primaryimage\"},\"thumbnailUrl\":\"https:\/\/sigma-shooting.pl\/wp-content\/uploads\/2025\/02\/Puchar-nzimy-OPEN.jpg\",\"datePublished\":\"2025-02-03T09:21:24+00:00\",\"dateModified\":\"2025-02-11T07:15:05+00:00\",\"breadcrumb\":{\"@id\":\"https:\/\/sigma-shooting.pl\/?page_id=730#breadcrumb\"},\"inLanguage\":\"pl-PL\",\"potentialAction\":[{\"@type\":\"ReadAction\",\"target\":[\"https:\/\/sigma-shooting.pl\/?page_id=730\"]}]},{\"@type\":\"ImageObject\",\"inLanguage\":\"pl-PL\",\"@id\":\"https:\/\/sigma-shooting.pl\/?page_id=730#primaryimage\",\"url\":\"https:\/\/sigma-shooting.pl\/wp-content\/uploads\/2025\/02\/Puchar-nzimy-OPEN.jpg\",\"contentUrl\":\"https:\/\/sigma-shooting.pl\/wp-content\/uploads\/2025\/02\/Puchar-nzimy-OPEN.jpg\",\"width\":600,\"height\":226},{\"@type\":\"BreadcrumbList\",\"@id\":\"https:\/\/sigma-shooting.pl\/?page_id=730#breadcrumb\",\"itemListElement\":[{\"@type\":\"ListItem\",\"position\":1,\"name\":\"Home\",\"item\":\"https:\/\/sigma-shooting.pl\/\"},{\"@type\":\"ListItem\",\"position\":2,\"name\":\"PUCHAR ZIMY OPEN &#8211; 9 lutego 2025\"}]},{\"@type\":\"WebSite\",\"@id\":\"https:\/\/sigma-shooting.pl\/#website\",\"url\":\"https:\/\/sigma-shooting.pl\/\",\"name\":\"TOWARZYSTWO STRZELECKIE SIGMA SHOOTING\",\"description\":\"Wszystko na bie\u017c\u0105co co dzieje si\u0119 w naszym Klubie, jak r\u00f3wnie\u017c o planach przysz\u0142ych, r\u00f3wnie\u017c o naszej historii.\",\"publisher\":{\"@id\":\"https:\/\/sigma-shooting.pl\/#organization\"},\"potentialAction\":[{\"@type\":\"SearchAction\",\"target\":{\"@type\":\"EntryPoint\",\"urlTemplate\":\"https:\/\/sigma-shooting.pl\/?s={search_term_string}\"},\"query-input\":{\"@type\":\"PropertyValueSpecification\",\"valueRequired\":true,\"valueName\":\"search_term_string\"}}],\"inLanguage\":\"pl-PL\"},{\"@type\":\"Organization\",\"@id\":\"https:\/\/sigma-shooting.pl\/#organization\",\"name\":\"TOWARZYSTWO STRZELECKIE SIGMA SHOOTING\",\"url\":\"https:\/\/sigma-shooting.pl\/\",\"logo\":{\"@type\":\"ImageObject\",\"inLanguage\":\"pl-PL\",\"@id\":\"https:\/\/sigma-shooting.pl\/#\/schema\/logo\/image\/\",\"url\":\"https:\/\/sigma-shooting.pl\/wp-content\/uploads\/2023\/02\/cropped-ss_stopka.jpg\",\"contentUrl\":\"https:\/\/sigma-shooting.pl\/wp-content\/uploads\/2023\/02\/cropped-ss_stopka.jpg\",\"width\":269,\"height\":211,\"caption\":\"TOWARZYSTWO STRZELECKIE SIGMA SHOOTING\"},\"image\":{\"@id\":\"https:\/\/sigma-shooting.pl\/#\/schema\/logo\/image\/\"},\"sameAs\":[\"https:\/\/www.facebook.com\/sigmashooting\"]}]}<\/script>\n<!-- \/ Yoast SEO plugin. -->","yoast_head_json":{"title":"PUCHAR ZIMY OPEN - 9 lutego 2025 - TOWARZYSTWO STRZELECKIE SIGMA SHOOTING","robots":{"index":"index","follow":"follow","max-snippet":"max-snippet:-1","max-image-preview":"max-image-preview:large","max-video-preview":"max-video-preview:-1"},"canonical":"https:\/\/sigma-shooting.pl\/?page_id=730","og_locale":"pl_PL","og_type":"article","og_title":"PUCHAR ZIMY OPEN - 9 lutego 2025 - TOWARZYSTWO STRZELECKIE SIGMA SHOOTING","og_description":"REGULAMIN ZAWOD\u00d3W \u201ePUCHAR ZIMY\u201d OPEN 1.CEL ZAWOD\u00d3W \u2212 mo\u017cliwo\u015b\u0107 rywalizacji zawodnik\u00f3w w kategorii Open \u2212 promocja sport\u00f3w strzeleckich w wojew\u00f3dztwie \u0142\u00f3dzkim, \u2212 promocja Gminy Zel\u00f3w jako miasta przyjaznego dla sportu strzeleckiego 2.ORGANIZATOR \u2212 TOWARZYSTWO STRZELECKIE SIGMA SHOOTING \u0141\u00f3d\u017a 3.TERMIN I MIEJSCE ZAWOD\u00d3W \u2212 09.02.2025 godzina 08.00 strzelnica SIGMA SHOOTING w Zelowie, ul. Pu\u0142kownika Witolda Pileckiego &hellip; Czytaj dalej \u201ePUCHAR ZIMY OPEN &#8211; 9 lutego 2025\u201d","og_url":"https:\/\/sigma-shooting.pl\/?page_id=730","og_site_name":"TOWARZYSTWO STRZELECKIE SIGMA SHOOTING","article_publisher":"https:\/\/www.facebook.com\/sigmashooting","article_modified_time":"2025-02-11T07:15:05+00:00","og_image":[{"width":600,"height":226,"url":"https:\/\/sigma-shooting.pl\/wp-content\/uploads\/2025\/02\/Puchar-nzimy-OPEN.jpg","type":"image\/jpeg"}],"twitter_card":"summary_large_image","twitter_misc":{"Szacowany czas czytania":"2 minuty"},"schema":{"@context":"https:\/\/schema.org","@graph":[{"@type":"WebPage","@id":"https:\/\/sigma-shooting.pl\/?page_id=730","url":"https:\/\/sigma-shooting.pl\/?page_id=730","name":"PUCHAR ZIMY OPEN - 9 lutego 2025 - TOWARZYSTWO STRZELECKIE SIGMA SHOOTING","isPartOf":{"@id":"https:\/\/sigma-shooting.pl\/#website"},"primaryImageOfPage":{"@id":"https:\/\/sigma-shooting.pl\/?page_id=730#primaryimage"},"image":{"@id":"https:\/\/sigma-shooting.pl\/?page_id=730#primaryimage"},"thumbnailUrl":"https:\/\/sigma-shooting.pl\/wp-content\/uploads\/2025\/02\/Puchar-nzimy-OPEN.jpg","datePublished":"2025-02-03T09:21:24+00:00","dateModified":"2025-02-11T07:15:05+00:00","breadcrumb":{"@id":"https:\/\/sigma-shooting.pl\/?page_id=730#breadcrumb"},"inLanguage":"pl-PL","potentialAction":[{"@type":"ReadAction","target":["https:\/\/sigma-shooting.pl\/?page_id=730"]}]},{"@type":"ImageObject","inLanguage":"pl-PL","@id":"https:\/\/sigma-shooting.pl\/?page_id=730#primaryimage","url":"https:\/\/sigma-shooting.pl\/wp-content\/uploads\/2025\/02\/Puchar-nzimy-OPEN.jpg","contentUrl":"https:\/\/sigma-shooting.pl\/wp-content\/uploads\/2025\/02\/Puchar-nzimy-OPEN.jpg","width":600,"height":226},{"@type":"BreadcrumbList","@id":"https:\/\/sigma-shooting.pl\/?page_id=730#breadcrumb","itemListElement":[{"@type":"ListItem","position":1,"name":"Home","item":"https:\/\/sigma-shooting.pl\/"},{"@type":"ListItem","position":2,"name":"PUCHAR ZIMY OPEN &#8211; 9 lutego 2025"}]},{"@type":"WebSite","@id":"https:\/\/sigma-shooting.pl\/#website","url":"https:\/\/sigma-shooting.pl\/","name":"TOWARZYSTWO STRZELECKIE SIGMA SHOOTING","description":"Wszystko na bie\u017c\u0105co co dzieje si\u0119 w naszym Klubie, jak r\u00f3wnie\u017c o planach przysz\u0142ych, r\u00f3wnie\u017c o naszej historii.","publisher":{"@id":"https:\/\/sigma-shooting.pl\/#organization"},"potentialAction":[{"@type":"SearchAction","target":{"@type":"EntryPoint","urlTemplate":"https:\/\/sigma-shooting.pl\/?s={search_term_string}"},"query-input":{"@type":"PropertyValueSpecification","valueRequired":true,"valueName":"search_term_string"}}],"inLanguage":"pl-PL"},{"@type":"Organization","@id":"https:\/\/sigma-shooting.pl\/#organization","name":"TOWARZYSTWO STRZELECKIE SIGMA SHOOTING","url":"https:\/\/sigma-shooting.pl\/","logo":{"@type":"ImageObject","inLanguage":"pl-PL","@id":"https:\/\/sigma-shooting.pl\/#\/schema\/logo\/image\/","url":"https:\/\/sigma-shooting.pl\/wp-content\/uploads\/2023\/02\/cropped-ss_stopka.jpg","contentUrl":"https:\/\/sigma-shooting.pl\/wp-content\/uploads\/2023\/02\/cropped-ss_stopka.jpg","width":269,"height":211,"caption":"TOWARZYSTWO STRZELECKIE SIGMA SHOOTING"},"image":{"@id":"https:\/\/sigma-shooting.pl\/#\/schema\/logo\/image\/"},"sameAs":["https:\/\/www.facebook.com\/sigmashooting"]}]}},"_links":{"self":[{"href":"https:\/\/sigma-shooting.pl\/index.php?rest_route=\/wp\/v2\/pages\/730","targetHints":{"allow":["GET"]}}],"collection":[{"href":"https:\/\/sigma-shooting.pl\/index.php?rest_route=\/wp\/v2\/pages"}],"about":[{"href":"https:\/\/sigma-shooting.pl\/index.php?rest_route=\/wp\/v2\/types\/page"}],"author":[{"embeddable":true,"href":"https:\/\/sigma-shooting.pl\/index.php?rest_route=\/wp\/v2\/users\/2"}],"replies":[{"embeddable":true,"href":"https:\/\/sigma-shooting.pl\/index.php?rest_route=%2Fwp%2Fv2%2Fcomments&post=730"}],"version-history":[{"count":3,"href":"https:\/\/sigma-shooting.pl\/index.php?rest_route=\/wp\/v2\/pages\/730\/revisions"}],"predecessor-version":[{"id":735,"href":"https:\/\/sigma-shooting.pl\/index.php?rest_route=\/wp\/v2\/pages\/730\/revisions\/735"}],"wp:attachment":[{"href":"https:\/\/sigma-shooting.pl\/index.php?rest_route=%2Fwp%2Fv2%2Fmedia&parent=730"}],"curies":[{"name":"wp","href":"https:\/\/api.w.org\/{rel}","templated":true}]}}