{"id":626,"date":"2024-11-05T12:30:42","date_gmt":"2024-11-05T11:30:42","guid":{"rendered":"https:\/\/sigma-shooting.pl\/?page_id=626"},"modified":"2024-11-05T13:12:18","modified_gmt":"2024-11-05T12:12:18","slug":"ustawa-kamilka-standardy-ochrony-maloletnich","status":"publish","type":"page","link":"https:\/\/sigma-shooting.pl\/?page_id=626","title":{"rendered":"USTAWA KAMILKA &#8211; STANDARDY OCHRONY MA\u0141OLETNICH"},"content":{"rendered":"\n<figure class=\"wp-block-image size-full\"><img fetchpriority=\"high\" decoding=\"async\" width=\"592\" height=\"222\" src=\"https:\/\/sigma-shooting.pl\/wp-content\/uploads\/2024\/11\/kamilka.jpg\" alt=\"\" class=\"wp-image-627\" srcset=\"https:\/\/sigma-shooting.pl\/wp-content\/uploads\/2024\/11\/kamilka.jpg 592w, https:\/\/sigma-shooting.pl\/wp-content\/uploads\/2024\/11\/kamilka-300x113.jpg 300w\" sizes=\"(max-width: 592px) 85vw, 592px\" \/><\/figure>\n\n\n\n<p><strong>Pi\u0119tnastego lutego wesz\u0142y w \u017cycie przepisy nowelizacji Kodeksu rodzinnego i opieku\u0144czego, czyli tzw. \u201eUstawa Kamilka\u201d. Ustawa ta zawiera szereg rozwi\u0105za\u0144, maj\u0105cych na celu lepsz\u0105 ochron\u0119 dzieci przed przemoc\u0105 i zapewnienie im kompleksowej pomocy w przypadku skrzywdzenia.<\/strong><\/p>\n\n\n\n<p>Jednym z punkt\u00f3w ustawy jest obowi\u0105zek wprowadzenia standard\u00f3w ochrony ma\u0142oletnich.<\/p>\n\n\n\n<p>W zwi\u0105zku z powy\u017cszym w naszym klubie zosta\u0142y wprowadzone tzw. Standardy Ochrony Nieletnich.<\/p>\n\n\n\n<p><strong>Informacja o ochronie dzieci w naszym klubie sportowym<\/strong><\/p>\n\n\n\n<p>W trosce o bezpiecze\u0144stwo i dobro naszych podopiecznych, nasz klub wdro\u017cy\u0142 procedury zgodne z now\u0105 \u201eUstaw\u0105 Kamilka\u201d, kt\u00f3ra ma na celu ochron\u0119 dzieci przed przemoc\u0105.<\/p>\n\n\n\n<p><strong>Co robimy, aby chroni\u0107 dzieci:<\/strong><\/p>\n\n\n\n<ol class=\"wp-block-list\">\n<li><strong>Polityka ochrony dzieci<\/strong>: Wprowadzili\u015bmy wewn\u0119trzn\u0105 polityk\u0119 ochrony dzieci, kt\u00f3ra okre\u015bla procedury post\u0119powania w przypadku podejrzenia przemocy, zasady zg\u0142aszania takich przypadk\u00f3w oraz zasady wsp\u00f3\u0142pracy z odpowiednimi instytucjami.<\/li>\n\n\n\n<li><strong>Weryfikacja kadry<\/strong>: Osoby kt\u00f3re b\u0119d\u0105 pracowa\u0142y z dzie\u0107mi zostan\u0105 sprawdzane min. w rejestrze Sprawc\u00f3w Przest\u0119pstw na Tle Seksualnym oraz b\u0119d\u0105 proszone o dostarczenie za\u015bwiadczenia z Krajowego Rejestru Karnego o niekaralno\u015bci. Zadbamy, aby posiada\u0142y niezb\u0119dne kwalifikacje do prowadzenia zaj\u0119\u0107 oraz umia\u0142y rozpoznawa\u0107 oznaki przemocy wobec dzieci oraz w\u0142a\u015bciwie na nie reagowa\u0107.<\/li>\n\n\n\n<li><strong>Wyznaczenie osoby odpowiedzialnej za ochron\u0119 dzieci<\/strong>: W naszym klubie zosta\u0142a powo\u0142ana osoba odpowiedzialna za koordynacj\u0119 inicjatyw zapobiegaj\u0105cych jakiejkolwiek krzywdzie w przestrzeni klubowej. Koordynatorem w SIGMA SHOOTING \u0141\u00f3d\u017a jest \u2013 v-ce Prezes klubu, do kt\u00f3rego mo\u017cna zg\u0142asza\u0107 wszelkie uwagi lub niepokoj\u0105ce sytuacje osobi\u015bcie, telefonicznie lub na adres email.<\/li>\n\n\n\n<li><strong>Wsp\u00f3\u0142praca z rodzicami i opiekunami<\/strong>: Zach\u0119camy rodzic\u00f3w i opiekun\u00f3w do wsp\u00f3\u0142pracy i zg\u0142aszania nam wszelkich niepokoj\u0105cych sytuacji, informujemy rodzic\u00f3w i opiekun\u00f3w o naszych dzia\u0142aniach zwi\u0105zanych z ochron\u0105 dzieci.<\/li>\n<\/ol>\n\n\n\n<p>STANDARDY OCHRONY\u00a0\u00a0MA\u0141OLETNICH\u00a0PRZED KRZYWDZENIEM\u00a0\u00a0OBOWI\u0104ZUJ\u0104CE\u00a0W TOWARZYSTWIE STRZELECKIM SIGMA SHOOTING\u00a0\u2013 znajdziesz w zak\u0142adce do Dokumenty.<\/p>\n\n\n\n<p>W razie jakichkolwiek pyta\u0144 lub potrzeby uzyskania dodatkowych informacji, prosimy o kontakt z naszym klubem: szkolenia@sigma-shooting.pl<\/p>\n","protected":false},"excerpt":{"rendered":"<p>Pi\u0119tnastego lutego wesz\u0142y w \u017cycie przepisy nowelizacji Kodeksu rodzinnego i opieku\u0144czego, czyli tzw. \u201eUstawa Kamilka\u201d. Ustawa ta zawiera szereg rozwi\u0105za\u0144, maj\u0105cych na celu lepsz\u0105 ochron\u0119 dzieci przed przemoc\u0105 i zapewnienie im kompleksowej pomocy w przypadku skrzywdzenia. Jednym z punkt\u00f3w ustawy jest obowi\u0105zek wprowadzenia standard\u00f3w ochrony ma\u0142oletnich. W zwi\u0105zku z powy\u017cszym w naszym klubie zosta\u0142y wprowadzone &hellip; <a href=\"https:\/\/sigma-shooting.pl\/?page_id=626\" class=\"more-link\">Czytaj dalej<span class=\"screen-reader-text\"> \u201eUSTAWA KAMILKA &#8211; STANDARDY OCHRONY MA\u0141OLETNICH\u201d<\/span><\/a><\/p>\n","protected":false},"author":2,"featured_media":0,"parent":0,"menu_order":0,"comment_status":"closed","ping_status":"closed","template":"","meta":{"footnotes":""},"class_list":["post-626","page","type-page","status-publish","hentry"],"yoast_head":"<!-- This site is optimized with the Yoast SEO plugin v24.3 - https:\/\/yoast.com\/wordpress\/plugins\/seo\/ -->\n<title>USTAWA KAMILKA - STANDARDY OCHRONY MA\u0141OLETNICH - TOWARZYSTWO STRZELECKIE SIGMA SHOOTING<\/title>\n<meta name=\"robots\" content=\"index, follow, max-snippet:-1, max-image-preview:large, max-video-preview:-1\" \/>\n<link rel=\"canonical\" href=\"https:\/\/sigma-shooting.pl\/?page_id=626\" \/>\n<meta property=\"og:locale\" content=\"pl_PL\" \/>\n<meta property=\"og:type\" content=\"article\" \/>\n<meta property=\"og:title\" content=\"USTAWA KAMILKA - STANDARDY OCHRONY MA\u0141OLETNICH - TOWARZYSTWO STRZELECKIE SIGMA SHOOTING\" \/>\n<meta property=\"og:description\" content=\"Pi\u0119tnastego lutego wesz\u0142y w \u017cycie przepisy nowelizacji Kodeksu rodzinnego i opieku\u0144czego, czyli tzw. \u201eUstawa Kamilka\u201d. Ustawa ta zawiera szereg rozwi\u0105za\u0144, maj\u0105cych na celu lepsz\u0105 ochron\u0119 dzieci przed przemoc\u0105 i zapewnienie im kompleksowej pomocy w przypadku skrzywdzenia. Jednym z punkt\u00f3w ustawy jest obowi\u0105zek wprowadzenia standard\u00f3w ochrony ma\u0142oletnich. W zwi\u0105zku z powy\u017cszym w naszym klubie zosta\u0142y wprowadzone &hellip; Czytaj dalej \u201eUSTAWA KAMILKA &#8211; STANDARDY OCHRONY MA\u0141OLETNICH\u201d\" \/>\n<meta property=\"og:url\" content=\"https:\/\/sigma-shooting.pl\/?page_id=626\" \/>\n<meta property=\"og:site_name\" content=\"TOWARZYSTWO STRZELECKIE SIGMA SHOOTING\" \/>\n<meta property=\"article:publisher\" content=\"https:\/\/www.facebook.com\/sigmashooting\" \/>\n<meta property=\"article:modified_time\" content=\"2024-11-05T12:12:18+00:00\" \/>\n<meta property=\"og:image\" content=\"https:\/\/sigma-shooting.pl\/wp-content\/uploads\/2024\/11\/kamilka.jpg\" \/>\n<meta name=\"twitter:card\" content=\"summary_large_image\" \/>\n<meta name=\"twitter:label1\" content=\"Szacowany czas czytania\" \/>\n\t<meta name=\"twitter:data1\" content=\"2 minuty\" \/>\n<script type=\"application\/ld+json\" class=\"yoast-schema-graph\">{\"@context\":\"https:\/\/schema.org\",\"@graph\":[{\"@type\":\"WebPage\",\"@id\":\"https:\/\/sigma-shooting.pl\/?page_id=626\",\"url\":\"https:\/\/sigma-shooting.pl\/?page_id=626\",\"name\":\"USTAWA KAMILKA - STANDARDY OCHRONY MA\u0141OLETNICH - TOWARZYSTWO STRZELECKIE SIGMA SHOOTING\",\"isPartOf\":{\"@id\":\"https:\/\/sigma-shooting.pl\/#website\"},\"primaryImageOfPage\":{\"@id\":\"https:\/\/sigma-shooting.pl\/?page_id=626#primaryimage\"},\"image\":{\"@id\":\"https:\/\/sigma-shooting.pl\/?page_id=626#primaryimage\"},\"thumbnailUrl\":\"https:\/\/sigma-shooting.pl\/wp-content\/uploads\/2024\/11\/kamilka.jpg\",\"datePublished\":\"2024-11-05T11:30:42+00:00\",\"dateModified\":\"2024-11-05T12:12:18+00:00\",\"breadcrumb\":{\"@id\":\"https:\/\/sigma-shooting.pl\/?page_id=626#breadcrumb\"},\"inLanguage\":\"pl-PL\",\"potentialAction\":[{\"@type\":\"ReadAction\",\"target\":[\"https:\/\/sigma-shooting.pl\/?page_id=626\"]}]},{\"@type\":\"ImageObject\",\"inLanguage\":\"pl-PL\",\"@id\":\"https:\/\/sigma-shooting.pl\/?page_id=626#primaryimage\",\"url\":\"https:\/\/sigma-shooting.pl\/wp-content\/uploads\/2024\/11\/kamilka.jpg\",\"contentUrl\":\"https:\/\/sigma-shooting.pl\/wp-content\/uploads\/2024\/11\/kamilka.jpg\",\"width\":592,\"height\":222},{\"@type\":\"BreadcrumbList\",\"@id\":\"https:\/\/sigma-shooting.pl\/?page_id=626#breadcrumb\",\"itemListElement\":[{\"@type\":\"ListItem\",\"position\":1,\"name\":\"Home\",\"item\":\"https:\/\/sigma-shooting.pl\/\"},{\"@type\":\"ListItem\",\"position\":2,\"name\":\"USTAWA KAMILKA &#8211; STANDARDY OCHRONY MA\u0141OLETNICH\"}]},{\"@type\":\"WebSite\",\"@id\":\"https:\/\/sigma-shooting.pl\/#website\",\"url\":\"https:\/\/sigma-shooting.pl\/\",\"name\":\"TOWARZYSTWO STRZELECKIE SIGMA SHOOTING\",\"description\":\"Wszystko na bie\u017c\u0105co co dzieje si\u0119 w naszym Klubie, jak r\u00f3wnie\u017c o planach przysz\u0142ych, r\u00f3wnie\u017c o naszej historii.\",\"publisher\":{\"@id\":\"https:\/\/sigma-shooting.pl\/#organization\"},\"potentialAction\":[{\"@type\":\"SearchAction\",\"target\":{\"@type\":\"EntryPoint\",\"urlTemplate\":\"https:\/\/sigma-shooting.pl\/?s={search_term_string}\"},\"query-input\":{\"@type\":\"PropertyValueSpecification\",\"valueRequired\":true,\"valueName\":\"search_term_string\"}}],\"inLanguage\":\"pl-PL\"},{\"@type\":\"Organization\",\"@id\":\"https:\/\/sigma-shooting.pl\/#organization\",\"name\":\"TOWARZYSTWO STRZELECKIE SIGMA SHOOTING\",\"url\":\"https:\/\/sigma-shooting.pl\/\",\"logo\":{\"@type\":\"ImageObject\",\"inLanguage\":\"pl-PL\",\"@id\":\"https:\/\/sigma-shooting.pl\/#\/schema\/logo\/image\/\",\"url\":\"https:\/\/sigma-shooting.pl\/wp-content\/uploads\/2023\/02\/cropped-ss_stopka.jpg\",\"contentUrl\":\"https:\/\/sigma-shooting.pl\/wp-content\/uploads\/2023\/02\/cropped-ss_stopka.jpg\",\"width\":269,\"height\":211,\"caption\":\"TOWARZYSTWO STRZELECKIE SIGMA SHOOTING\"},\"image\":{\"@id\":\"https:\/\/sigma-shooting.pl\/#\/schema\/logo\/image\/\"},\"sameAs\":[\"https:\/\/www.facebook.com\/sigmashooting\"]}]}<\/script>\n<!-- \/ Yoast SEO plugin. -->","yoast_head_json":{"title":"USTAWA KAMILKA - STANDARDY OCHRONY MA\u0141OLETNICH - TOWARZYSTWO STRZELECKIE SIGMA SHOOTING","robots":{"index":"index","follow":"follow","max-snippet":"max-snippet:-1","max-image-preview":"max-image-preview:large","max-video-preview":"max-video-preview:-1"},"canonical":"https:\/\/sigma-shooting.pl\/?page_id=626","og_locale":"pl_PL","og_type":"article","og_title":"USTAWA KAMILKA - STANDARDY OCHRONY MA\u0141OLETNICH - TOWARZYSTWO STRZELECKIE SIGMA SHOOTING","og_description":"Pi\u0119tnastego lutego wesz\u0142y w \u017cycie przepisy nowelizacji Kodeksu rodzinnego i opieku\u0144czego, czyli tzw. \u201eUstawa Kamilka\u201d. Ustawa ta zawiera szereg rozwi\u0105za\u0144, maj\u0105cych na celu lepsz\u0105 ochron\u0119 dzieci przed przemoc\u0105 i zapewnienie im kompleksowej pomocy w przypadku skrzywdzenia. Jednym z punkt\u00f3w ustawy jest obowi\u0105zek wprowadzenia standard\u00f3w ochrony ma\u0142oletnich. W zwi\u0105zku z powy\u017cszym w naszym klubie zosta\u0142y wprowadzone &hellip; Czytaj dalej \u201eUSTAWA KAMILKA &#8211; STANDARDY OCHRONY MA\u0141OLETNICH\u201d","og_url":"https:\/\/sigma-shooting.pl\/?page_id=626","og_site_name":"TOWARZYSTWO STRZELECKIE SIGMA SHOOTING","article_publisher":"https:\/\/www.facebook.com\/sigmashooting","article_modified_time":"2024-11-05T12:12:18+00:00","og_image":[{"url":"https:\/\/sigma-shooting.pl\/wp-content\/uploads\/2024\/11\/kamilka.jpg","type":"","width":"","height":""}],"twitter_card":"summary_large_image","twitter_misc":{"Szacowany czas czytania":"2 minuty"},"schema":{"@context":"https:\/\/schema.org","@graph":[{"@type":"WebPage","@id":"https:\/\/sigma-shooting.pl\/?page_id=626","url":"https:\/\/sigma-shooting.pl\/?page_id=626","name":"USTAWA KAMILKA - STANDARDY OCHRONY MA\u0141OLETNICH - TOWARZYSTWO STRZELECKIE SIGMA SHOOTING","isPartOf":{"@id":"https:\/\/sigma-shooting.pl\/#website"},"primaryImageOfPage":{"@id":"https:\/\/sigma-shooting.pl\/?page_id=626#primaryimage"},"image":{"@id":"https:\/\/sigma-shooting.pl\/?page_id=626#primaryimage"},"thumbnailUrl":"https:\/\/sigma-shooting.pl\/wp-content\/uploads\/2024\/11\/kamilka.jpg","datePublished":"2024-11-05T11:30:42+00:00","dateModified":"2024-11-05T12:12:18+00:00","breadcrumb":{"@id":"https:\/\/sigma-shooting.pl\/?page_id=626#breadcrumb"},"inLanguage":"pl-PL","potentialAction":[{"@type":"ReadAction","target":["https:\/\/sigma-shooting.pl\/?page_id=626"]}]},{"@type":"ImageObject","inLanguage":"pl-PL","@id":"https:\/\/sigma-shooting.pl\/?page_id=626#primaryimage","url":"https:\/\/sigma-shooting.pl\/wp-content\/uploads\/2024\/11\/kamilka.jpg","contentUrl":"https:\/\/sigma-shooting.pl\/wp-content\/uploads\/2024\/11\/kamilka.jpg","width":592,"height":222},{"@type":"BreadcrumbList","@id":"https:\/\/sigma-shooting.pl\/?page_id=626#breadcrumb","itemListElement":[{"@type":"ListItem","position":1,"name":"Home","item":"https:\/\/sigma-shooting.pl\/"},{"@type":"ListItem","position":2,"name":"USTAWA KAMILKA &#8211; STANDARDY OCHRONY MA\u0141OLETNICH"}]},{"@type":"WebSite","@id":"https:\/\/sigma-shooting.pl\/#website","url":"https:\/\/sigma-shooting.pl\/","name":"TOWARZYSTWO STRZELECKIE SIGMA SHOOTING","description":"Wszystko na bie\u017c\u0105co co dzieje si\u0119 w naszym Klubie, jak r\u00f3wnie\u017c o planach przysz\u0142ych, r\u00f3wnie\u017c o naszej historii.","publisher":{"@id":"https:\/\/sigma-shooting.pl\/#organization"},"potentialAction":[{"@type":"SearchAction","target":{"@type":"EntryPoint","urlTemplate":"https:\/\/sigma-shooting.pl\/?s={search_term_string}"},"query-input":{"@type":"PropertyValueSpecification","valueRequired":true,"valueName":"search_term_string"}}],"inLanguage":"pl-PL"},{"@type":"Organization","@id":"https:\/\/sigma-shooting.pl\/#organization","name":"TOWARZYSTWO STRZELECKIE SIGMA SHOOTING","url":"https:\/\/sigma-shooting.pl\/","logo":{"@type":"ImageObject","inLanguage":"pl-PL","@id":"https:\/\/sigma-shooting.pl\/#\/schema\/logo\/image\/","url":"https:\/\/sigma-shooting.pl\/wp-content\/uploads\/2023\/02\/cropped-ss_stopka.jpg","contentUrl":"https:\/\/sigma-shooting.pl\/wp-content\/uploads\/2023\/02\/cropped-ss_stopka.jpg","width":269,"height":211,"caption":"TOWARZYSTWO STRZELECKIE SIGMA SHOOTING"},"image":{"@id":"https:\/\/sigma-shooting.pl\/#\/schema\/logo\/image\/"},"sameAs":["https:\/\/www.facebook.com\/sigmashooting"]}]}},"_links":{"self":[{"href":"https:\/\/sigma-shooting.pl\/index.php?rest_route=\/wp\/v2\/pages\/626","targetHints":{"allow":["GET"]}}],"collection":[{"href":"https:\/\/sigma-shooting.pl\/index.php?rest_route=\/wp\/v2\/pages"}],"about":[{"href":"https:\/\/sigma-shooting.pl\/index.php?rest_route=\/wp\/v2\/types\/page"}],"author":[{"embeddable":true,"href":"https:\/\/sigma-shooting.pl\/index.php?rest_route=\/wp\/v2\/users\/2"}],"replies":[{"embeddable":true,"href":"https:\/\/sigma-shooting.pl\/index.php?rest_route=%2Fwp%2Fv2%2Fcomments&post=626"}],"version-history":[{"count":2,"href":"https:\/\/sigma-shooting.pl\/index.php?rest_route=\/wp\/v2\/pages\/626\/revisions"}],"predecessor-version":[{"id":631,"href":"https:\/\/sigma-shooting.pl\/index.php?rest_route=\/wp\/v2\/pages\/626\/revisions\/631"}],"wp:attachment":[{"href":"https:\/\/sigma-shooting.pl\/index.php?rest_route=%2Fwp%2Fv2%2Fmedia&parent=626"}],"curies":[{"name":"wp","href":"https:\/\/api.w.org\/{rel}","templated":true}]}}